{"id":1623,"date":"2024-04-29T21:06:52","date_gmt":"2024-04-29T20:06:52","guid":{"rendered":"https:\/\/www.holzundnatursteine.ch\/?page_id=1623"},"modified":"2025-10-27T15:03:45","modified_gmt":"2025-10-27T14:03:45","slug":"herkunft-tessin","status":"publish","type":"page","link":"https:\/\/www.holzundnatursteine.ch\/?page_id=1623","title":{"rendered":"Tessiner Tisch mit B\u00e4nken"},"content":{"rendered":"\n<p class=\"has-x-large-font-size\">Tessiner Tisch mit B\u00e4nken<\/p>\n\n\n\n<p class=\"has-medium-font-size\"><strong>Herkunft: <\/strong>Tessin <\/p>\n\n\n\n<p><\/p>\n\n\n\n<p class=\"has-medium-font-size\">Maggia \/ Onsernone<\/p>\n\n\n\n<p>\u201eDiese Tische sind Einzelst\u00fccke und k\u00f6nnen in Farbe und Maserung von Block zu Block sowie von Platte zu Platte varieren. Der Tisch ist in variabler Gr\u00f6\u00dfe erh\u00e4ltlich \u2013 mit einem Durchmesser von ca. 100 bis 160 cm und einer St\u00e4rke von etwa 6 cm, abh\u00e4ngig vom jeweiligen Block.\u201c<\/p>\n\n\n<div class=\"wp-block-image\">\n<figure class=\"alignleft size-full is-resized\"><a href=\"https:\/\/www.holzundnatursteine.ch\/wp-content\/uploads\/2025\/07\/Tisch-Baenke-Maggia-Onsernone-rund1.jpg\"><img loading=\"lazy\" decoding=\"async\" width=\"2048\" height=\"1536\" src=\"https:\/\/www.holzundnatursteine.ch\/wp-content\/uploads\/2025\/07\/Tisch-Baenke-Maggia-Onsernone-rund1.jpg\" alt=\"\" class=\"wp-image-2067\" style=\"width:auto;height:300px\" srcset=\"https:\/\/www.holzundnatursteine.ch\/wp-content\/uploads\/2025\/07\/Tisch-Baenke-Maggia-Onsernone-rund1.jpg 2048w, https:\/\/www.holzundnatursteine.ch\/wp-content\/uploads\/2025\/07\/Tisch-Baenke-Maggia-Onsernone-rund1-300x225.jpg 300w, https:\/\/www.holzundnatursteine.ch\/wp-content\/uploads\/2025\/07\/Tisch-Baenke-Maggia-Onsernone-rund1-1024x768.jpg 1024w, https:\/\/www.holzundnatursteine.ch\/wp-content\/uploads\/2025\/07\/Tisch-Baenke-Maggia-Onsernone-rund1-768x576.jpg 768w, https:\/\/www.holzundnatursteine.ch\/wp-content\/uploads\/2025\/07\/Tisch-Baenke-Maggia-Onsernone-rund1-1536x1152.jpg 1536w\" sizes=\"auto, (max-width: 2048px) 100vw, 2048px\" \/><\/a><\/figure><\/div>\n\n<div class=\"wp-block-image\">\n<figure class=\"alignleft size-full is-resized\"><a href=\"https:\/\/www.holzundnatursteine.ch\/wp-content\/uploads\/2025\/07\/Tisch-Baenke-Maggia-Onsernone-rund3-scaled.jpg\"><img loading=\"lazy\" decoding=\"async\" width=\"2560\" height=\"1920\" src=\"https:\/\/www.holzundnatursteine.ch\/wp-content\/uploads\/2025\/07\/Tisch-Baenke-Maggia-Onsernone-rund3-scaled.jpg\" alt=\"\" class=\"wp-image-2066\" style=\"width:auto;height:300px\" srcset=\"https:\/\/www.holzundnatursteine.ch\/wp-content\/uploads\/2025\/07\/Tisch-Baenke-Maggia-Onsernone-rund3-scaled.jpg 2560w, https:\/\/www.holzundnatursteine.ch\/wp-content\/uploads\/2025\/07\/Tisch-Baenke-Maggia-Onsernone-rund3-300x225.jpg 300w, https:\/\/www.holzundnatursteine.ch\/wp-content\/uploads\/2025\/07\/Tisch-Baenke-Maggia-Onsernone-rund3-1024x768.jpg 1024w, https:\/\/www.holzundnatursteine.ch\/wp-content\/uploads\/2025\/07\/Tisch-Baenke-Maggia-Onsernone-rund3-768x576.jpg 768w, https:\/\/www.holzundnatursteine.ch\/wp-content\/uploads\/2025\/07\/Tisch-Baenke-Maggia-Onsernone-rund3-1536x1152.jpg 1536w, https:\/\/www.holzundnatursteine.ch\/wp-content\/uploads\/2025\/07\/Tisch-Baenke-Maggia-Onsernone-rund3-2048x1536.jpg 2048w\" sizes=\"auto, (max-width: 2560px) 100vw, 2560px\" \/><\/a><\/figure><\/div>\n\n<div id=\"footable_parent_2040\"\n         class=\" footable_parent ninja_table_wrapper loading_ninja_table wp_table_data_press_parent semantic_ui \">\n                <table data-ninja_table_instance=\"ninja_table_instance_0\" data-footable_id=\"2040\" data-filter-delay=\"1000\" aria-label=\"Maggia \/ Onsernone runder Tisch und Bank\"            id=\"footable_2040\"\n           data-unique_identifier=\"ninja_table_unique_id_4142671745_2040\"\n           class=\" foo-table ninja_footable foo_table_2040 ninja_table_unique_id_4142671745_2040 ui table  ninja_search_right nt_type_ajax_table selectable celled striped vertical_centered  footable-paging-right\">\n                <colgroup>\n                            <col class=\"ninja_column_0 \">\n                            <col class=\"ninja_column_1 \">\n                            <col class=\"ninja_column_2 \">\n                            <col class=\"ninja_column_3 \">\n                            <col class=\"ninja_column_4 \">\n                    <\/colgroup>\n            <\/table>\n    \n    \n    \n<\/div>\n\n\n\n\n<h5 class=\"wp-block-heading\"><strong>Weitere Masse oder Vearbeitungsarten auf Anfrage.<\/strong><\/h5>\n\n\n\n<p><\/p>\n\n\n\n<p class=\"has-medium-font-size\">Calanca<\/p>\n\n\n<div class=\"wp-block-image\">\n<figure class=\"alignleft size-full is-resized\"><a href=\"https:\/\/www.holzundnatursteine.ch\/wp-content\/uploads\/2025\/07\/calanca-2.png\"><img loading=\"lazy\" decoding=\"async\" width=\"481\" height=\"641\" src=\"https:\/\/www.holzundnatursteine.ch\/wp-content\/uploads\/2025\/07\/calanca-2.png\" alt=\"\" class=\"wp-image-2084\" style=\"width:auto;height:300px\" srcset=\"https:\/\/www.holzundnatursteine.ch\/wp-content\/uploads\/2025\/07\/calanca-2.png 481w, https:\/\/www.holzundnatursteine.ch\/wp-content\/uploads\/2025\/07\/calanca-2-225x300.png 225w\" sizes=\"auto, (max-width: 481px) 100vw, 481px\" \/><\/a><\/figure><\/div>\n\n<div class=\"wp-block-image\">\n<figure class=\"alignleft size-full is-resized\"><a href=\"https:\/\/www.holzundnatursteine.ch\/wp-content\/uploads\/2025\/07\/calanca-tisch-1.jpg\"><img loading=\"lazy\" decoding=\"async\" width=\"480\" height=\"640\" src=\"https:\/\/www.holzundnatursteine.ch\/wp-content\/uploads\/2025\/07\/calanca-tisch-1.jpg\" alt=\"\" class=\"wp-image-2083\" style=\"width:auto;height:300px\" srcset=\"https:\/\/www.holzundnatursteine.ch\/wp-content\/uploads\/2025\/07\/calanca-tisch-1.jpg 480w, https:\/\/www.holzundnatursteine.ch\/wp-content\/uploads\/2025\/07\/calanca-tisch-1-225x300.jpg 225w\" sizes=\"auto, (max-width: 480px) 100vw, 480px\" \/><\/a><\/figure><\/div>\n\n<div id=\"footable_parent_2038\"\n         class=\" footable_parent ninja_table_wrapper loading_ninja_table wp_table_data_press_parent semantic_ui \">\n                <table data-ninja_table_instance=\"ninja_table_instance_1\" data-footable_id=\"2038\" data-filter-delay=\"1000\" aria-label=\"Calanca Tisch rund\"            id=\"footable_2038\"\n           data-unique_identifier=\"ninja_table_unique_id_574152778_2038\"\n           class=\" foo-table ninja_footable foo_table_2038 ninja_table_unique_id_574152778_2038 ui table  ninja_search_right nt_type_ajax_table selectable celled striped vertical_centered  footable-paging-right\">\n                <colgroup>\n                            <col class=\"ninja_column_0 \">\n                            <col class=\"ninja_column_1 \">\n                            <col class=\"ninja_column_2 \">\n                            <col class=\"ninja_column_3 \">\n                            <col class=\"ninja_column_4 \">\n                    <\/colgroup>\n            <\/table>\n    \n    \n    \n<\/div>\n\n\n\n\n<p><\/p>\n\n\n\n<p class=\"has-medium-font-size\">Iragna, Onsernone oder Calanca Rustico-Stil<\/p>\n\n\n\n<figure class=\"wp-block-image size-full is-resized\"><a href=\"https:\/\/www.holzundnatursteine.ch\/wp-content\/uploads\/2025\/09\/Tisch.jpg\"><img loading=\"lazy\" decoding=\"async\" width=\"1856\" height=\"1174\" src=\"https:\/\/www.holzundnatursteine.ch\/wp-content\/uploads\/2025\/09\/Tisch.jpg\" alt=\"\" class=\"wp-image-2318\" style=\"width:auto;height:250px\" srcset=\"https:\/\/www.holzundnatursteine.ch\/wp-content\/uploads\/2025\/09\/Tisch.jpg 1856w, https:\/\/www.holzundnatursteine.ch\/wp-content\/uploads\/2025\/09\/Tisch-300x190.jpg 300w, https:\/\/www.holzundnatursteine.ch\/wp-content\/uploads\/2025\/09\/Tisch-1024x648.jpg 1024w, https:\/\/www.holzundnatursteine.ch\/wp-content\/uploads\/2025\/09\/Tisch-768x486.jpg 768w, https:\/\/www.holzundnatursteine.ch\/wp-content\/uploads\/2025\/09\/Tisch-1536x972.jpg 1536w\" sizes=\"auto, (max-width: 1856px) 100vw, 1856px\" \/><\/a><\/figure>\n\n\n<div class=\"wp-block-image\">\n<figure class=\"alignright size-full is-resized\"><a href=\"https:\/\/www.holzundnatursteine.ch\/wp-content\/uploads\/2025\/06\/Tessiner-Tisch-Steinsorten-scaled.jpg\"><img loading=\"lazy\" decoding=\"async\" width=\"2560\" height=\"1920\" src=\"https:\/\/www.holzundnatursteine.ch\/wp-content\/uploads\/2025\/06\/Tessiner-Tisch-Steinsorten-scaled.jpg\" alt=\"\" class=\"wp-image-2045\" style=\"width:auto;height:250px\" srcset=\"https:\/\/www.holzundnatursteine.ch\/wp-content\/uploads\/2025\/06\/Tessiner-Tisch-Steinsorten-scaled.jpg 2560w, https:\/\/www.holzundnatursteine.ch\/wp-content\/uploads\/2025\/06\/Tessiner-Tisch-Steinsorten-300x225.jpg 300w, https:\/\/www.holzundnatursteine.ch\/wp-content\/uploads\/2025\/06\/Tessiner-Tisch-Steinsorten-1024x768.jpg 1024w, https:\/\/www.holzundnatursteine.ch\/wp-content\/uploads\/2025\/06\/Tessiner-Tisch-Steinsorten-768x576.jpg 768w, https:\/\/www.holzundnatursteine.ch\/wp-content\/uploads\/2025\/06\/Tessiner-Tisch-Steinsorten-1536x1152.jpg 1536w, https:\/\/www.holzundnatursteine.ch\/wp-content\/uploads\/2025\/06\/Tessiner-Tisch-Steinsorten-2048x1536.jpg 2048w\" sizes=\"auto, (max-width: 2560px) 100vw, 2560px\" \/><\/a><\/figure><\/div>\n\n<div class=\"wp-block-image\">\n<figure class=\"alignleft size-full is-resized\"><a href=\"https:\/\/www.holzundnatursteine.ch\/wp-content\/uploads\/2025\/06\/Screenshot_1.png\"><img loading=\"lazy\" decoding=\"async\" width=\"868\" height=\"486\" src=\"https:\/\/www.holzundnatursteine.ch\/wp-content\/uploads\/2025\/06\/Screenshot_1.png\" alt=\"\" class=\"wp-image-2044\" style=\"width:auto;height:250px\" srcset=\"https:\/\/www.holzundnatursteine.ch\/wp-content\/uploads\/2025\/06\/Screenshot_1.png 868w, https:\/\/www.holzundnatursteine.ch\/wp-content\/uploads\/2025\/06\/Screenshot_1-300x168.png 300w, https:\/\/www.holzundnatursteine.ch\/wp-content\/uploads\/2025\/06\/Screenshot_1-768x430.png 768w\" sizes=\"auto, (max-width: 868px) 100vw, 868px\" \/><\/a><\/figure><\/div>\n\n\n<p><strong>Oberfl\u00e4chen geflammt, Kanten gerundet handbekantet<\/strong><\/p>\n\n\n<div id=\"footable_parent_2037\"\n         class=\" footable_parent ninja_table_wrapper loading_ninja_table wp_table_data_press_parent semantic_ui \">\n                <table data-ninja_table_instance=\"ninja_table_instance_2\" data-footable_id=\"2037\" data-filter-delay=\"1000\" aria-label=\"Iragna, Onsernone oder Calanca Tisch und Bank Rustico-Stil\"            id=\"footable_2037\"\n           data-unique_identifier=\"ninja_table_unique_id_2586392963_2037\"\n           class=\" foo-table ninja_footable foo_table_2037 ninja_table_unique_id_2586392963_2037 ui table  ninja_search_right nt_type_ajax_table selectable celled striped vertical_centered  footable-paging-right\">\n                <colgroup>\n                            <col class=\"ninja_column_0 \">\n                            <col class=\"ninja_column_1 \">\n                            <col class=\"ninja_column_2 \">\n                            <col class=\"ninja_column_3 \">\n                            <col class=\"ninja_column_4 \">\n                    <\/colgroup>\n            <\/table>\n    \n    \n    \n<\/div>\n\n\n\n\n<h5 class=\"wp-block-heading\"><strong>Weitere Masse oder Vearbeitungsarten auf Anfrage.<\/strong><\/h5>\n\n\n\n<p><\/p>\n\n\n\n<p class=\"has-medium-font-size\">Tessiner<\/p>\n\n\n\n<figure class=\"wp-block-image size-full is-resized\"><a href=\"https:\/\/www.holzundnatursteine.ch\/wp-content\/uploads\/2024\/04\/IMG-20240429-WA0036.jpg\"><img loading=\"lazy\" decoding=\"async\" width=\"1600\" height=\"1200\" src=\"https:\/\/www.holzundnatursteine.ch\/wp-content\/uploads\/2024\/04\/IMG-20240429-WA0036.jpg\" alt=\"\" class=\"wp-image-1624\" style=\"width:auto;height:250px\" srcset=\"https:\/\/www.holzundnatursteine.ch\/wp-content\/uploads\/2024\/04\/IMG-20240429-WA0036.jpg 1600w, https:\/\/www.holzundnatursteine.ch\/wp-content\/uploads\/2024\/04\/IMG-20240429-WA0036-300x225.jpg 300w, https:\/\/www.holzundnatursteine.ch\/wp-content\/uploads\/2024\/04\/IMG-20240429-WA0036-1024x768.jpg 1024w, https:\/\/www.holzundnatursteine.ch\/wp-content\/uploads\/2024\/04\/IMG-20240429-WA0036-768x576.jpg 768w, https:\/\/www.holzundnatursteine.ch\/wp-content\/uploads\/2024\/04\/IMG-20240429-WA0036-1536x1152.jpg 1536w\" sizes=\"auto, (max-width: 1600px) 100vw, 1600px\" \/><\/a><\/figure>\n\n\n\n<figure class=\"wp-block-image size-full is-resized\"><a href=\"https:\/\/www.holzundnatursteine.ch\/wp-content\/uploads\/2024\/04\/IMG-20240429-WA0034.jpg\"><img loading=\"lazy\" decoding=\"async\" width=\"1600\" height=\"1200\" src=\"https:\/\/www.holzundnatursteine.ch\/wp-content\/uploads\/2024\/04\/IMG-20240429-WA0034.jpg\" alt=\"\" class=\"wp-image-1621\" style=\"width:auto;height:250px\" srcset=\"https:\/\/www.holzundnatursteine.ch\/wp-content\/uploads\/2024\/04\/IMG-20240429-WA0034.jpg 1600w, https:\/\/www.holzundnatursteine.ch\/wp-content\/uploads\/2024\/04\/IMG-20240429-WA0034-300x225.jpg 300w, https:\/\/www.holzundnatursteine.ch\/wp-content\/uploads\/2024\/04\/IMG-20240429-WA0034-1024x768.jpg 1024w, https:\/\/www.holzundnatursteine.ch\/wp-content\/uploads\/2024\/04\/IMG-20240429-WA0034-768x576.jpg 768w, https:\/\/www.holzundnatursteine.ch\/wp-content\/uploads\/2024\/04\/IMG-20240429-WA0034-1536x1152.jpg 1536w\" sizes=\"auto, (max-width: 1600px) 100vw, 1600px\" \/><\/a><\/figure>\n\n\n\n<figure class=\"wp-block-image size-full is-resized\"><a href=\"https:\/\/www.holzundnatursteine.ch\/wp-content\/uploads\/2024\/04\/IMG-20240429-WA0037.jpg\"><img loading=\"lazy\" decoding=\"async\" width=\"1600\" height=\"1200\" src=\"https:\/\/www.holzundnatursteine.ch\/wp-content\/uploads\/2024\/04\/IMG-20240429-WA0037.jpg\" alt=\"\" class=\"wp-image-1626\" style=\"width:auto;height:250px\" srcset=\"https:\/\/www.holzundnatursteine.ch\/wp-content\/uploads\/2024\/04\/IMG-20240429-WA0037.jpg 1600w, https:\/\/www.holzundnatursteine.ch\/wp-content\/uploads\/2024\/04\/IMG-20240429-WA0037-300x225.jpg 300w, https:\/\/www.holzundnatursteine.ch\/wp-content\/uploads\/2024\/04\/IMG-20240429-WA0037-1024x768.jpg 1024w, https:\/\/www.holzundnatursteine.ch\/wp-content\/uploads\/2024\/04\/IMG-20240429-WA0037-768x576.jpg 768w, https:\/\/www.holzundnatursteine.ch\/wp-content\/uploads\/2024\/04\/IMG-20240429-WA0037-1536x1152.jpg 1536w\" sizes=\"auto, (max-width: 1600px) 100vw, 1600px\" \/><\/a><\/figure>\n\n\n\n<p><strong>Oberfl\u00e4chen ges\u00e4gt, Kanten gerundet.<\/strong><\/p>\n\n\n<div id=\"footable_parent_1629\"\n         class=\" footable_parent ninja_table_wrapper loading_ninja_table wp_table_data_press_parent semantic_ui \">\n                <table data-ninja_table_instance=\"ninja_table_instance_3\" data-footable_id=\"1629\" data-filter-delay=\"1000\" aria-label=\"Tessiner Tisch mit B\u00e4nken ges\u00e4gt\"            id=\"footable_1629\"\n           data-unique_identifier=\"ninja_table_unique_id_1018331851_1629\"\n           class=\" foo-table ninja_footable foo_table_1629 ninja_table_unique_id_1018331851_1629 ui table  ninja_search_right nt_type_ajax_table selectable celled striped vertical_centered  footable-paging-right\">\n                <colgroup>\n                            <col class=\"ninja_column_0 \">\n                            <col class=\"ninja_column_1 \">\n                            <col class=\"ninja_column_2 \">\n                            <col class=\"ninja_column_3 \">\n                            <col class=\"ninja_column_4 \">\n                    <\/colgroup>\n            <\/table>\n    \n    \n    \n<\/div>\n\n\n\n\n<h5 class=\"wp-block-heading\"><strong>Weitere Masse oder Vearbeitungsarten auf Anfrage.<\/strong><\/h5>\n\n\n\n<p><\/p>\n\n\n\n<p><strong>Oberfl\u00e4chen geflammt, Kanten gerundet.<\/strong><\/p>\n\n\n<div id=\"footable_parent_1630\"\n         class=\" footable_parent ninja_table_wrapper loading_ninja_table wp_table_data_press_parent semantic_ui \">\n                <table data-ninja_table_instance=\"ninja_table_instance_4\" data-footable_id=\"1630\" data-filter-delay=\"1000\" aria-label=\"Tessiner Tisch mit B\u00e4nken geflammt\"            id=\"footable_1630\"\n           data-unique_identifier=\"ninja_table_unique_id_848643993_1630\"\n           class=\" foo-table ninja_footable foo_table_1630 ninja_table_unique_id_848643993_1630 ui table  ninja_search_right nt_type_ajax_table selectable celled striped vertical_centered  footable-paging-right\">\n                <colgroup>\n                            <col class=\"ninja_column_0 \">\n                            <col class=\"ninja_column_1 \">\n                            <col class=\"ninja_column_2 \">\n                            <col class=\"ninja_column_3 \">\n                            <col class=\"ninja_column_4 \">\n                    <\/colgroup>\n            <\/table>\n    \n    \n    \n<\/div>\n\n\n\n\n<h5 class=\"wp-block-heading\"><strong>Weitere Masse oder Vearbeitungsarten auf Anfrage.<\/strong><\/h5>\n\n\n\n<p><\/p>\n\n\n\n<p><\/p>\n\n\n\n<p><\/p>\n\n\n\n<p class=\"has-medium-font-size\"><\/p>\n\n\n\n<p><\/p>\n","protected":false},"excerpt":{"rendered":"<p>Tessiner Tisch mit B\u00e4nken Herkunft: Tessin Maggia \/ Onsernone \u201eDiese Tische sind Einzelst\u00fccke und k\u00f6nnen in Farbe und Maserung von Block zu Block sowie von&hellip;<\/p>\n","protected":false},"author":2,"featured_media":0,"parent":0,"menu_order":0,"comment_status":"closed","ping_status":"closed","template":"","meta":{"footnotes":""},"class_list":["post-1623","page","type-page","status-publish","hentry"],"_links":{"self":[{"href":"https:\/\/www.holzundnatursteine.ch\/index.php?rest_route=\/wp\/v2\/pages\/1623","targetHints":{"allow":["GET"]}}],"collection":[{"href":"https:\/\/www.holzundnatursteine.ch\/index.php?rest_route=\/wp\/v2\/pages"}],"about":[{"href":"https:\/\/www.holzundnatursteine.ch\/index.php?rest_route=\/wp\/v2\/types\/page"}],"author":[{"embeddable":true,"href":"https:\/\/www.holzundnatursteine.ch\/index.php?rest_route=\/wp\/v2\/users\/2"}],"replies":[{"embeddable":true,"href":"https:\/\/www.holzundnatursteine.ch\/index.php?rest_route=%2Fwp%2Fv2%2Fcomments&post=1623"}],"version-history":[{"count":51,"href":"https:\/\/www.holzundnatursteine.ch\/index.php?rest_route=\/wp\/v2\/pages\/1623\/revisions"}],"predecessor-version":[{"id":2511,"href":"https:\/\/www.holzundnatursteine.ch\/index.php?rest_route=\/wp\/v2\/pages\/1623\/revisions\/2511"}],"wp:attachment":[{"href":"https:\/\/www.holzundnatursteine.ch\/index.php?rest_route=%2Fwp%2Fv2%2Fmedia&parent=1623"}],"curies":[{"name":"wp","href":"https:\/\/api.w.org\/{rel}","templated":true}]}}